/4 + 1)?
13
Let q be 17/3 - (-6)/(-9). Suppose 0 = q*j - 1 - 9. Suppose 5*s + j = 32. What are the prime factors of s?
2, 3
Suppose -56*s + 58*s - 44 = 0. List the prime factors of s.
2, 11
Let p(c) = -26*c + 1. List the prime factors of p(-2).
53
Let j be ((-7)/3 + 2)*-141. Let m = j - 32. Let h = -7 + m. What are the prime factors of h?
2
Let d(v) = 14*v**3 - 2 + 4 + 2*v + 2*v**2 - 4. Let f be d(2). What are the prime factors of 16/56 + f/14?
3
Suppose 37*u = 35*u + 8. What are the prime factors of u?
2
Let z(a) = -a + 6. Let v be z(5). Let l(c) = c**3 - 2*c**2 + 2*c - 1. Let i be l(v). Let m(h) = h**3 + h**2 + h + 10. List the prime factors of m(i).
2, 5
Suppose -x + 72 = x. Suppose 0 = -5*t + 5 + 5. Suppose -t*l - l + x = 0. List the prime factors of l.
2, 3
Let z(c) = -2*c + 24. What are the prime factors of z(-20)?
2
Let l = -2 - -4. Let s(y) = -1 - 3*y - 3*y**2 - 4*y**l - 8 - y**3. List the prime factors of s(-7).
2, 3
Let h be 4/(-10) - (-136)/(-10). Let b = 10 + h. What are the prime factors of b/(-1 - 3/(-4))?
2
Let w(o) = o**3 + 6*o**2 + 3*o + 4. Let u be w(-6). Let z be u/(-4)*60/35. Let c = z - -2. What are the prime factors of c?
2
Let c be 8/28 - 38/(-14). Suppose 29 - c = 2*x. Let p = x + -1. List the prime factors of p.
2, 3
List the prime factors of (-2)/(-8) - (-35)/4.
3
Let c = 0 - 0. Suppose c = -0*i - 3*i + 6. What are the prime factors of i?
2
Let w be (-16)/24 - (-8)/3. Let q = 5 - w. List the prime factors of q.
3
Suppose -10*y - 192 = -14*y. List the prime factors of y.
2, 3
Let a(o) = 2*o**3 - o**2 + o - 2. Let l = 44 - 22. Suppose -5*p = 4*k - l, 3*k - 11 = -2. What are the prime factors of a(p)?
2, 3
Suppose -w + 13 = z, -4*z - 29 = -3*w - 5*z. Let q = w - 5. Suppose r + 5*u - 9 = 0, -q*r = -u + 3*u - 27. List the prime factors of r.
3
Suppose 0 = -3*u + 2*f + 889, -5*u + 589 = -3*u - 5*f. List the prime factors of u.
3, 11
Suppose 5*a + 13 + 22 = -5*w, -w - 2*a - 10 = 0. Let q(s) = -13*s - 6. Let f(u) = 6*u + 3. Let n(b) = -9*f(b) - 4*q(b). List the prime factors of n(w).
5
Suppose 6*t + t = 252. What are the prime factors of t?
2, 3
Let b = -20 + 24. List the prime factors of b.
2
Let k = -3 - -36. Suppose -4*b + k = -7. What are the prime factors of b?
2, 5
Let u = 17 - 33. Let n be 16/(-20)*10*1. Let w = n - u. What are the prime factors of w?
2
Suppose -2*x = 5*v + 552 + 66, 2*x = -4*v - 494. Let a = v + 179. Suppose -a = -4*s - s. What are the prime factors of s?
11
What are the prime factors of (0 + 6/9)*48?
2
Suppose -15 = -2*q - z, -2*z = 4*q + 3*z - 39. What are the prime factors of q?
2, 3
Let p(k) = -k**2 + 6*k - 4. Suppose -3 = 2*c - 3*c. List the prime factors of p(c).
5
Let i(j) = -12*j + 4. What are the prime factors of i(-3)?
2, 5
Suppose -3*w + 44 = w. Let z = 26 - w. List the prime factors of z.
3, 5
Let d = -2 - -29. What are the prime factors of d?
3
Let f(h) = h**3 - 5*h**2 + 2*h - 5. Let o be f(4). Let j = 21 + o. What are the prime factors of j?
2
Suppose 4*q - 3*c = -20, -4*q + 2 = 3*c - 2. Let v(b) = b**2 + b + 2. Let d be v(q). List the prime factors of (d/10)/(2/10).
2
Let r = 5 - 5. Let a(y) = y + r*y - 3*y - 12. List the prime factors of a(-8).
2
Let l(q) = q + 4. Let z(s) = 2*s + 3. Let i(f) = -5*l(f) + 6*z(f). Let g = 8 - 5. List the prime factors of i(g).
19
Suppose 2*d - 16 = -194. Let v be (-15)/(-10) + d/(-2). Suppose 14 = 4*u - v. What are the prime factors of u?
3, 5
List the prime factors of 2*((-6)/3 - -6).
2
Suppose 0 = -2*h - 2*h - 108. Let z = -14 - h. List the prime factors of z.
13
Let d = 0 - -2. Suppose -d*v - 4 = 28. Let m = v - -34. List the prime factors of m.
2, 3
Let j be -1 + 2 + -4 + 7. Let d = j + -2. Let r(s) = 4*s - 2. What are the prime factors of r(d)?
2, 3
Suppose -a = -2*d + 14, 0 = -3*a - 0*d + 3*d - 27. List the prime factors of a/2 + 3 + 5.
2, 3
Let a(w) be the third derivative of w**5/6 + w**4/24 - w**2. Let z(d) = d**3 + 9*d**2 + 7*d - 7. Let c be z(-8). List the prime factors of a(c).
11
Suppose -3*k + 15 = 0, 2*f - 4*k + 14 = -f. Suppose c - 1 = f. Suppose -5*r = -c*r - 26. List the prime factors of r.
13
Suppose 2*x = -2*i + 58, 3*x - 111 = -i - 20. List the prime factors of x.
31
Suppose 4*w - 196 = -4*b, 0 = b - 0*b - 2*w - 55. List the prime factors of b.
3, 17
Let c be (6/2)/((-5)/(-5)). Suppose -c*u - 2*u = -75. List the prime factors of (-6)/(-15) + 24/u.
2
Let j = 3 + -1. Suppose 2*x + 5 - 14 = -5*a, 5*x - j*a - 8 = 0. What are the prime factors of x?
2
Let v(k) = -k**2 - 2*k + 5. Let h be v(-6). Let t(d) = -3*d**2 + 5*d + 1. Let f be t(4). Let y = h - f. What are the prime factors of y?
2
List the prime factors of 37 + (3 - 3)/(-1).
37
Suppose -14 = 3*b + 46. Let j(y) = -y - 5. Let h be j(6). Let k = h - b. List the prime factors of k.
3
Suppose -5*o = 194 + 56. What are the prime factors of (6/(-15))/(2/o)?
2, 5
Suppose 4*x + 64 = 5*x. What are the prime factors of x?
2
Suppose 0 = -7*c + 14*c - 1561. What are the prime factors of c?
223
Let u(q) = q**3 - 4*q**2 - 4*q - 9. What are the prime factors of u(6)?
3, 13
Suppose 2*x = -3*x. Suppose 0 = 4*k - j - 184, 4*k - 4*j - 133 - 51 = x. List the prime factors of k.
2, 23
Let n(o) = -o**3 + 10*o**2 - 4*o + 7. What are the prime factors of n(8)?
103
What are the prime factors of (-22)/33 + 20/3?
2, 3
Suppose 23 - 177 = -w. List the prime factors of w.
2, 7, 11
Let m(l) = l - 1. Let h be m(3). Suppose 2*c + 3*q - 2 = h*q, -6 = -c - 3*q. Suppose c = -5*v + v + 36. List the prime factors of v.
3
Suppose -1 = j - 0. What are the prime factors of j - -16 - (-5 - -5)?
3, 5
List the prime factors of 0 - (2 + (-255)/3).
83
Let b(r) = 3*r + 2. Let c be b(4). Suppose -5*x + 4 = -3*a, -5*a + 0*x = -5*x. Suppose c = a*w - 4*o + 3*o, 12 = 4*w + 2*o. List the prime factors of w.
5
Let o = 5 + -2. Suppose -4*r + 6*r - 4*g + 2 = 0, -3 = r - o*g. What are the prime factors of (-3)/(((-4)/r)/4)?
3
Suppose 3*n + n = 3*h + 51, -n = -3*h - 15. Let k be 0/(((-8)/20)/((-1)/5)). Suppose z + 0*z - n = k. What are the prime factors of z?
2, 3
Let j(l) = -l**3 + 2*l**2 + 96. Let n be j(0). Suppose -6*r + 10*r = n. List the prime factors of r.
2, 3
Suppose -214 = 2*x - 944. List the prime factors of x.
5, 73
Let c = -44 + 114. List the prime factors of c.
2, 5, 7
Let i(j) = j**2 + 6*j - 2. Let h be i(-6). What are the prime factors of 0 + 9 - (1 + h)?
2, 5
Let g(i) = -i**3 - 3*i**2 + 2. Let t = 7 + -10. Let d be g(t). Suppose -l - 5 + 0 = -4*m, -8 = -4*l + d*m. List the prime factors of l.
3
Suppose -v = 3*v - 56. What are the prime factors of (-2 + v)/((-3)/(-2))?
2
Let j be (0/3)/1 - 8. Let p be 4/(-4) - (j + 1). Let h(z) = -z**3 + 7*z**2 - 3*z - 7. List the prime factors of h(p).
11
What are the prime factors of (-494)/(-19) + 0/2?
2, 13
Let y(i) = -2*i + 8. List the prime factors of y(-7).
2, 11
Let c = 15 + -11. List the prime factors of c.
2
Let g be 66/(-8) + 1/4. Let f(s) be the second derivative of -s**3/6 - 2*s**2 + s. List the prime factors of f(g).
2
Let i be 2/(-18)*3*-27. Let l = 1 + i. List the prime factors of l.
2, 5
Let o = -13 - -71. List the prime factors of o.
2, 29
Let p(o) be the first derivative of 4*o + 2*o**2 + 1/3*o**3 + 1. What are the prime factors of p(-5)?
3
Suppose 0*i - 2*i = 0. List the prime factors of ((6 - 2) + i)/1.
2
Suppose -8*l + 662 + 346 = 0. List the prime factors of l.
2, 3, 7
Let v = 1 - -9. Suppose 0*f - 5*f + v = 0. Suppose f*k = -2*u + 3*k + 24, 2*u = -k + 24. List the prime factors of u.
2, 3
Suppose 4*c - 3*n = 1407, -c - 4*n + 256 + 110 = 0. List the prime factors of c.
2, 3, 59
Suppose 0 = -2*l + 3*b + 5, -2*l + 2 = -2*b - 4. List the prime factors of l.
2
Suppose -3*y + 0*y = -6, -5*y = 5*z - 75. List the prime factors of z.
13
Let f = -4 - -6. Suppose 3*t = 2*t - f. What are the prime factors of (t/(-4))/((-1)/(-12))?
2, 3
Let y(x) = 5 + 0*x**3 - 4*x - x**3 + 3*x. Let b be y(0). Suppose 4*i = 3*i + b. What are the prime factors of i?
5
Suppose w + 42 = 308. What are the prime factors of w?
2, 7, 19
Let k(q) = 9*q**3 - 6*q**2. List the prime factors of k(3).
3, 7
Suppose 2*x - 17 - 9 = 0. Let n = -2 + 3. Let t = x - n. List the prime factors of t.
2, 3
Suppose 11*f = 2*f + 990. List the prime factors of f.
2, 5, 11
Suppose a + 5*n - 1 = 0, n - 99 = -3*a - a. Le